{"id":684,"date":"2016-12-09T18:03:45","date_gmt":"2016-12-09T16:03:45","guid":{"rendered":"http:\/\/babamima.ch\/wordpress\/?post_type=product&#038;p=684"},"modified":"2019-06-15T13:52:47","modified_gmt":"2019-06-15T11:52:47","slug":"velolenker-taeschli-sterne-gruen","status":"publish","type":"product","link":"https:\/\/babamima.ch\/wordpress\/?product=velolenker-taeschli-sterne-gruen","title":{"rendered":"Velolenker-T\u00e4schli Sterne gr\u00fcn"},"content":{"rendered":"","protected":false},"excerpt":{"rendered":"<p>passt ans Like-a-bike und auch an gr\u00f6ssere Kinder-Velos<\/p>\n<p>mit Druckkn\u00f6pfen individuell an jeden Lenker anpassbar<\/p>\n<p>aus beschichtetem, abwaschbarem Stoff<\/p>\n","protected":false},"featured_media":685,"comment_status":"closed","ping_status":"closed","template":"","meta":{"spay_email":"","jetpack_publicize_message":"","jetpack_is_tweetstorm":false},"product_cat":[43,46],"product_tag":[],"jetpack_publicize_connections":[],"jetpack_sharing_enabled":true,"jetpack-related-posts":[],"_links":{"self":[{"href":"https:\/\/babamima.ch\/wordpress\/index.php?rest_route=\/wp\/v2\/product\/684"}],"collection":[{"href":"https:\/\/babamima.ch\/wordpress\/index.php?rest_route=\/wp\/v2\/product"}],"about":[{"href":"https:\/\/babamima.ch\/wordpress\/index.php?rest_route=\/wp\/v2\/types\/product"}],"replies":[{"embeddable":true,"href":"https:\/\/babamima.ch\/wordpress\/index.php?rest_route=%2Fwp%2Fv2%2Fcomments&post=684"}],"wp:featuredmedia":[{"embeddable":true,"href":"https:\/\/babamima.ch\/wordpress\/index.php?rest_route=\/wp\/v2\/media\/685"}],"wp:attachment":[{"href":"https:\/\/babamima.ch\/wordpress\/index.php?rest_route=%2Fwp%2Fv2%2Fmedia&parent=684"}],"wp:term":[{"taxonomy":"product_cat","embeddable":true,"href":"https:\/\/babamima.ch\/wordpress\/index.php?rest_route=%2Fwp%2Fv2%2Fproduct_cat&post=684"},{"taxonomy":"product_tag","embeddable":true,"href":"https:\/\/babamima.ch\/wordpress\/index.php?rest_route=%2Fwp%2Fv2%2Fproduct_tag&post=684"}],"curies":[{"name":"wp","href":"https:\/\/api.w.org\/{rel}","templated":true}]}}